when 158378 is divided by 41?
36
What is the remainder when 22674 is divided by 2181?
864
What is the remainder when 5070 is divided by 1669?
63
Calculate the remainder when 542647 is divided by 16.
7
Calculate the remainder when 69571 is divided by 31.
7
What is the remainder when 2505 is divided by 1821?
684
What is the remainder when 355340 is divided by 22?
18
Calculate the remainder when 154165 is divided by 5.
0
Calculate the remainder when 234 is divided by 121.
113
What is the remainder when 7220 is divided by 452?
440
What is the remainder when 10076 is divided by 2011?
21
What is the remainder when 17043 is divided by 9?
6
What is the remainder when 3466 is divided by 206?
170
What is the remainder when 4770 is divided by 987?
822
What is the remainder when 188820 is divided by 94397?
26
What is the remainder when 42783 is divided by 130?
13
What is the remainder when 208854 is divided by 11?
8
Calculate the remainder when 34270 is divided by 6.
4
Calculate the remainder when 7541 is divided by 352.
149
Calculate the remainder when 2179258 is divided by 90.
88
What is the remainder when 123593 is divided by 15?
8
Calculate the remainder when 629404 is divided by 837.
817
What is the remainder when 4675 is divided by 320?
195
Calculate the remainder when 148289 is divided by 6175.
89
What is the remainder when 105478 is divided by 43?
42
What is the remainder when 9592 is divided by 33?
22
What is the remainder when 1806786 is divided by 46?
44
Calculate the remainder when 10622 is divided by 70.
52
What is the remainder when 4926 is divided by 980?
26
Calculate the remainder when 171739 is divided by 814.
799
What is the remainder when 1204835 is divided by 14?
9
Calculate the remainder when 61271 is divided by 41.
17
Calculate the remainder when 168485 is divided by 29.
24
Calculate the remainder when 113060 is divided by 113029.
31
What is the remainder when 7677 is divided by 171?
153
What is the remainder when 1866 is divided by 574?
144
Calculate the remainder when 1434 is divided by 176.
26
What is the remainder when 16673 is divided by 256?
33
What is the remainder when 83955 is divided by 42?
39
Calculate the remainder when 815272 is divided by 18.
16
What is the remainder when 3962288 is divided by 68?
64
Calculate the remainder when 3203 is divided by 533.
5
Calculate the remainder when 494 is divided by 37.
13
What is the remainder when 2794 is divided by 85?
74
What is the remainder when 81330 is divided by 27013?
291
Calculate the remainder when 17434 is divided by 316.
54
What is the remainder when 4888 is divided by 4882?
6
What is the remainder when 273318 is divided by 1102?
22
Calculate the remainder when 22950 is divided by 66.
48
What is the remainder when 3660 is divided by 119?
90
Calculate the remainder when 3712 is divided by 1233.
13
Calculate the remainder when 74567 is divided by 24846.
29
What is the remainder when 1402 is divided by 617?
168
What is the remainder when 78224 is divided by 75?
74
What is the remainder when 1620 is divided by 551?
518
What is the remainder when 1733549 is divided by 390?
389
What is the remainder when 30662 is divided by 114?
110
What is the remainder when 16993 is divided by 16881?
112
Calculate the remainder when 1320292 is divided by 1117.
1115
Calculate the remainder when 9033 is divided by 987.
150
Calculate the remainder when 91338 is divided by 91326.
12
What is the remainder when 135595 is divided by 150?
145
What is the remainder when 6136 is divided by 324?
304
Calculate the remainder when 69406 is divided by 23092.
130
What is the remainder when 445387 is divided by 50?
37
Calculate the remainder when 17142 is divided by 20.
2
What is the remainder when 110955 is divided by 121?
119
What is the remainder when 162701 is divided by 3069?
44
Calculate the remainder when 555311 is divided by 132.
119
Calculate the remainder when 9528 is divided by 730.
38
Calculate the remainder when 72387 is divided by 489.
15
What is the remainder when 486 is divided by 308?
178
What is the remainder when 374252 is divided by 28788?
8
Calculate the remainder when 23280 is divided by 830.
40
What is the remainder when 17274 is divided by 829?
694
Calculate the remainder when 912756 is divided by 912743.
13
What is the remainder when 823720 is divided by 409?
403
What is the remainder when 61436 is divided by 469?
466
What is the remainder when 143758 is divided by 230?
8
What is the remainder when 1025 is divided by 133?
94
What is the remainder when 5584 is divided by 2969?
2615
Calculate the remainder when 56985 is divided by 48.
9
Calculate the remainder when 1172589 is divided by 205.
194
What is the remainder when 13890 is divided by 1551?
1482
What is the remainder when 16734 is divided by 16592?
142
What is the remainder when 195535 is divided by 10291?
6
What is the remainder when 7062 is divided by 320?
22
What is the remainder when 2206 is divided by 176?
94
Calculate the remainder when 49719 is divided by 226.
225
Calculate the remainder when 70521 is divided by 35246.
29
What is the remainder when 10139 is divided by 4?
3
What is the remainder when 10410 is divided by 4346?
1718
What is the remainder when 34739 is divided by 641?
125
What is the remainder when 907135 is divided by 293?
7
What is the remainder when 74 is divided by 11?
8
What is the remainder when 650317 is divided by 55?
52
What is the remainder when 6539 is divided by 16?
11
Calculate the remainder when 231856 is divided by 38641.
10
What is the remainder when 52583 is divided by 259?
6
Calculate the remainder when 31922 is divided by 25.
22
Calculate the remainder when 7109 is divided by 793.
765
What is the remainder when 1599 is divided by 529?
12
Calculate the remainder when 1348377 is divided by 18.
15
Calculate the remainder when 241244 is divided by 391.
388
What is the remainder when 1109373 is divided by 324?
321
Calculate the remainder when 179519 is divided by 89726.
67
What is the remainder when 713 is divided by 675?
38
What is the remainder when 91995 is divided by 171?
168
What is the remainder when 3495 is divided by 106?
103
What is the remainder when 3172 is divided by 1226?
720
Calculate the remainder when 597928 is divided by 1616.
8
What is the remainder when 12938 is divided by 72?
50
Calculate the remainder when 16434 is divided by 783.
774
What is the remainder when 1195097 is divided by 122?
107
Calculate the remainder when 2523 is divided by 196.
171
What is the remainder when 1785554 is divided by 223?
216
What is the remainder when 9086 is divided by 98?
70
What is the remainder when 618 is divided by 390?
228
Calculate the remainder when 65834 is divided by 55.
54
Calculate the remainder when 2568409 is divided by 299.
298
Calculate the remainder when 8045 is divided by 911.
757
Calculate the remainder when 100710 is divided by 486.
108
What is the remainder when 265654 is divided by 9160?
14
What is the remainder when 1069 is divided by 868?
201
Calculate the remainder when 4080 is divided by 1972.
136
What is the remainder when 2375 is divided by 296?
7
Calculate the remainder when 56059 is divided by 117.
16
Calculate the remainder when 206500 is divided by 353.
348
What is the remainder when 632413 is divided by 133?
131
What is the remainder when 11871 is divided by 5883?
105
Calculate the remainder when 78792 is divided by 209.
208
Calculate the remainder when 53037 is divided by 982.
9
What is the remainder when 315336 is divided by 2285?
6
What is the remainder when 227667 is divided by 72?
3
What is the remainder when 147519 is divided by 485?
79
What is the remainder when 50000 is divided by 24790?
420
What is the remainder when 102518 is divided by 722?
716
Calculate the remainder when 120708 is divided by 4.
0
What is the remainder when 80062 is divided by 144?
142
What is the remainder when 5575 is divided by 1767?
274
What is the remainder when 32143 is divided by 109?
97
What is the remainder when 1579361 is divided by 28?
21
Calculate the remainder when 410468 is divided by 410456.
12
What is the remainder when 18429 is divided by 9210?
9
What is the remainder when 408291 is divided by 59?
11
Calculate the remainder when 53010 is divided by 726.
12
What i